nder when 1184236 is divided by 736?
12
What is the remainder when 1222498 is divided by 111134?
24
Calculate the remainder when 17771714 is divided by 4442927.
6
Calculate the remainder when 170438 is divided by 1878.
1418
Calculate the remainder when 4471069 is divided by 2577.
2551
Calculate the remainder when 345999 is divided by 172965.
69
Calculate the remainder when 789375 is divided by 423.
57
Calculate the remainder when 1280882 is divided by 67413.
35
Calculate the remainder when 27854605 is divided by 118.
115
Calculate the remainder when 1698844 is divided by 804.
796
What is the remainder when 6077894 is divided by 81038?
44
Calculate the remainder when 5682242 is divided by 1420557.
14
Calculate the remainder when 28142936 is divided by 105.
101
Calculate the remainder when 527099 is divided by 6.
5
Calculate the remainder when 186464784 is divided by 65.
64
Calculate the remainder when 1055518 is divided by 25127.
184
What is the remainder when 31867932 is divided by 1098894?
6
Calculate the remainder when 24567623 is divided by 5205.
23
What is the remainder when 1501382 is divided by 462?
344
What is the remainder when 843434 is divided by 137?
62
What is the remainder when 2135508 is divided by 130?
128
Calculate the remainder when 97111 is divided by 479.
353
Calculate the remainder when 33807054 is divided by 4007.
4002
What is the remainder when 726115254 is divided by 6153519?
12
What is the remainder when 350575 is divided by 2112?
2095
What is the remainder when 16106 is divided by 1550?
606
What is the remainder when 12843 is divided by 3740?
1623
What is the remainder when 5834 is divided by 5698?
136
Calculate the remainder when 84797 is divided by 313.
287
What is the remainder when 10234751 is divided by 81225?
401
Calculate the remainder when 15936 is divided by 15297.
639
What is the remainder when 8343048 is divided by 150?
48
What is the remainder when 4154670 is divided by 519333?
6
Calculate the remainder when 89531414 is divided by 154.
126
Calculate the remainder when 20147424 is divided by 2377.
2349
What is the remainder when 11253288 is divided by 396?
156
What is the remainder when 3429266 is divided by 1213?
115
Calculate the remainder when 38726 is divided by 44.
6
What is the remainder when 574607 is divided by 38307?
2
What is the remainder when 277445 is divided by 421?
6
What is the remainder when 3596266 is divided by 3596146?
120
What is the remainder when 554516 is divided by 92346?
440
Calculate the remainder when 218253 is divided by 27.
12
Calculate the remainder when 47069786 is divided by 498.
320
What is the remainder when 2662623 is divided by 2031?
2013
Calculate the remainder when 1086129 is divided by 12484.
21
What is the remainder when 22956 is divided by 1521?
141
Calculate the remainder when 1365243 is divided by 85327.
11
What is the remainder when 9648 is divided by 3088?
384
Calculate the remainder when 206767 is divided by 6892.
7
Calculate the remainder when 11147742 is divided by 180.
162
What is the remainder when 868441 is divided by 1357?
1318
Calculate the remainder when 13369459 is divided by 1909922.
5
Calculate the remainder when 33160392 is divided by 16580190.
12
What is the remainder when 1160496 is divided by 219?
15
What is the remainder when 4588751 is divided by 4770?
11
What is the remainder when 17309845 is divided by 127?
126
What is the remainder when 4818410 is divided by 253597?
67
What is the remainder when 2629371 is divided by 6?
3
Calculate the remainder when 12849347 is divided by 34.
33
What is the remainder when 585152708 is divided by 21?
14
Calculate the remainder when 793836 is divided by 524.
500
Calculate the remainder when 33285 is divided by 576.
453
Calculate the remainder when 5441428 is divided by 1315.
1273
What is the remainder when 10253 is divided by 4731?
791
What is the remainder when 12116570 is divided by 18?
14
What is the remainder when 3931496 is divided by 63411?
14
What is the remainder when 396561 is divided by 198105?
351
What is the remainder when 1582613 is divided by 322?
305
Calculate the remainder when 213283849 is divided by 9747.
9742
Calculate the remainder when 367175 is divided by 14682.
125
Calculate the remainder when 362548270 is divided by 3972.
3970
What is the remainder when 6730954 is divided by 77?
76
Calculate the remainder when 4654 is divided by 319.
188
Calculate the remainder when 242405 is divided by 5726.
1913
What is the remainder when 6414 is divided by 3181?
52
What is the remainder when 56657636 is divided by 26?
22
What is the remainder when 5683189 is divided by 13403?
317
What is the remainder when 146942 is divided by 53?
26
Calculate the remainder when 17454329 is divided by 167830.
9
Calculate the remainder when 441922 is divided by 147298.
28
Calculate the remainder when 3676354 is divided by 18.
16
What is the remainder when 64633 is divided by 6430?
333
What is the remainder when 23149240 is divided by 5787310?
0
What is the remainder when 778365 is divided by 166?
157
What is the remainder when 5293 is divided by 2854?
2439
Calculate the remainder when 8480444 is divided by 1770.
374
Calculate the remainder when 580226 is divided by 123.
35
What is the remainder when 49926057 is divided by 979?
973
What is the remainder when 12407842 is divided by 3?
1
Calculate the remainder when 2613971 is divided by 3054.
2801
Calculate the remainder when 4994964 is divided by 30.
24
What is the remainder when 9370309 is divided by 14?
11
Calculate the remainder when 85326339 is divided by 438.
435
What is the remainder when 12556476 is divided by 267157?
97
What is the remainder when 2275215 is divided by 162514?
19
Calculate the remainder when 2718 is divided by 641.
154
Calculate the remainder when 4335546 is divided by 1811.
12
Calculate the remainder when 208560 is divided by 6727.
23
What is the remainder when 196409 is divided by 196076?
333
What is the remainder when 345889 is divided by 829?
196
Calculate the remainder when 249707 is divided by 1212.
35
What is the remainder when 1552955 is divided by 508?
507
Calculate the remainder when 363430 is divided by 28.
18
What is the remainder when 58329123 is divided by 2167?
2151
What is the remainder when 228915 is divided by 114352?
211
What is the remainder when 76633111 is divided by 55013?
2
What is the remainder when 67627 is divided by 592?
139
Calculate the remainder when 309799 is divided by 61926.
169
Calculate the remainder when 43774 is divided by 17.
16
What is the remainder when 54365 is divided by 491?
355
What is the remainder when 3247114 is divided by 20949?
19
What is the remainder when 2532147 is divided by 89?
8
Calculate the remainder when 3681128 is divided by 196.
52
What is the remainder when 1298613 is divided by 534?
459
Calculate the remainder when 1144423 is divided by 49.
28
What is the remainder when 19751528 is divided by 2194613?
11
Calculate the remainder when 25240 is divided by 23495.
1745
What is the remainder when 12954 is divided by 1199?
964
Calculate the remainder when 76810714 is divided by 3338.
3334
Calculate the remainder when 33822147 is divided by 11274042.
21
Calculate the remainder when 1367866 is divided by 84.
10
What is the remainder when 6025496 is divided by 697?
628
Calculate the remainder when 1654829 is divided by 3514.
3249
What is the remainder when 302964 is divided by 8645?
389
What is the remainder when 140268437 is divided by 4701?
4700
Calculate the remainder when 11435306 is divided by 952939.
38
What is the remainder when 61930526 is divided by 32?
30
What is the remainder when 92286272 is divided by 5097?
5087
What is the remainder when 492855 is divided by 164247?
114
Calculate the remainder when 7578259 is divided by 27964.
15
What is the remainder when 1097585 is divided by 274361?
141
What is the remainder when 885227 is divided by 94?
29
Calculate the remainder when 14063805 is divided by 33.
30
What is the remainder when 668280 is divided by 133642?
70
What is the remainder when 79572775 is divided by 151?
3
Calculate the remainder when 55659 is divided by 4505.
1599
Calculate the remainder when 330448757 is divided by 218.
215
Calculate the remainder when 40333 is di